{"id":567,"date":"2023-08-02T07:23:26","date_gmt":"2023-08-02T07:23:26","guid":{"rendered":"https:\/\/satulcalinesti.md\/?page_id=567"},"modified":"2024-02-07T12:41:16","modified_gmt":"2024-02-07T12:41:16","slug":"componenta-consiliului","status":"publish","type":"page","link":"https:\/\/satulcalinesti.md\/?page_id=567","title":{"rendered":"Componen\u021ba consiliului local"},"content":{"rendered":"\n<p class=\"has-medium-font-size\"><strong>Componen\u021ba consiliului local 2023-202<\/strong>7<\/p>\n\n\n\n<p>Pantea Valentin, candidat independent<\/p>\n\n\n\n<p>Curtescu Eduard,  Partidul Politic &#8222;Partidul Ac\u0163iune \u015fi Solidaritate&#8221;<\/p>\n\n\n\n<p>Pascari Raisa ,Partidul Politic &#8222;Partidul Ac\u0163iune \u015fi Solidaritate&#8221;,<\/p>\n\n\n\n<p>Magd\u00eel Rodica, Partidul Politic &#8222;Partidul Ac\u0163iune \u015fi Solidaritate&#8221;, <\/p>\n\n\n\n<p>Gherman Vasile,Partidul Politic &#8222;Partidul Ac\u0163iune \u015fi Solidaritate&#8221;,<\/p>\n\n\n\n<p>Negoi\u0163a Alexandra, Partidul Politic&#8221;Partidul Sociali\u015ftilor din  Moldova<\/p>\n\n\n\n<p>Suvac Aliona, Partidul Politic&#8221;Partidul Sociali\u015ftilor din  Moldova<\/p>\n\n\n\n<p>T\u0103l\u0103mbu\u0163\u0103 Lucia, Partidul Politic&#8221;Partidul Sociali\u015ftilor din  Moldova<\/p>\n\n\n\n<p>P\u0103dure Svetlana &#8222;Partidul Politic &#8222;Partidul Social Democratic European&#8221;<\/p>\n\n\n\n<p>Munteanul Daria, &#8222;Partidul Politic &#8222;Partidul Social Democratic European&#8221;<\/p>\n\n\n\n<p>Burlacu Vasile, candidat independent<\/p>\n","protected":false},"excerpt":{"rendered":"<p>Componen\u021ba consiliului local 2023-2027 Pantea Valentin, candidat independent Curtescu Eduard, Partidul Politic &#8222;Partidul Ac\u0163iune \u015fi Solidaritate&#8221; Pascari Raisa ,Partidul Politic &#8222;Partidul Ac\u0163iune \u015fi Solidaritate&#8221;, Magd\u00eel Rodica, Partidul Politic &#8222;Partidul Ac\u0163iune \u015fi Solidaritate&#8221;, Gherman Vasile,Partidul Politic &#8222;Partidul Ac\u0163iune \u015fi Solidaritate&#8221;, Negoi\u0163a Alexandra, Partidul Politic&#8221;Partidul Sociali\u015ftilor din Moldova Suvac Aliona, Partidul Politic&#8221;Partidul Sociali\u015ftilor din Moldova T\u0103l\u0103mbu\u0163\u0103 Lucia, [&hellip;]<\/p>\n","protected":false},"author":2,"featured_media":0,"parent":118,"menu_order":0,"comment_status":"closed","ping_status":"closed","template":"","meta":{"footnotes":""},"class_list":["post-567","page","type-page","status-publish","hentry","entry"],"_links":{"self":[{"href":"https:\/\/satulcalinesti.md\/index.php?rest_route=\/wp\/v2\/pages\/567","targetHints":{"allow":["GET"]}}],"collection":[{"href":"https:\/\/satulcalinesti.md\/index.php?rest_route=\/wp\/v2\/pages"}],"about":[{"href":"https:\/\/satulcalinesti.md\/index.php?rest_route=\/wp\/v2\/types\/page"}],"author":[{"embeddable":true,"href":"https:\/\/satulcalinesti.md\/index.php?rest_route=\/wp\/v2\/users\/2"}],"replies":[{"embeddable":true,"href":"https:\/\/satulcalinesti.md\/index.php?rest_route=%2Fwp%2Fv2%2Fcomments&post=567"}],"version-history":[{"count":4,"href":"https:\/\/satulcalinesti.md\/index.php?rest_route=\/wp\/v2\/pages\/567\/revisions"}],"predecessor-version":[{"id":1663,"href":"https:\/\/satulcalinesti.md\/index.php?rest_route=\/wp\/v2\/pages\/567\/revisions\/1663"}],"up":[{"embeddable":true,"href":"https:\/\/satulcalinesti.md\/index.php?rest_route=\/wp\/v2\/pages\/118"}],"wp:attachment":[{"href":"https:\/\/satulcalinesti.md\/index.php?rest_route=%2Fwp%2Fv2%2Fmedia&parent=567"}],"curies":[{"name":"wp","href":"https:\/\/api.w.org\/{rel}","templated":true}]}}