{"id":2111,"date":"2024-05-02T12:13:44","date_gmt":"2024-05-02T12:13:44","guid":{"rendered":"https:\/\/satulcalinesti.md\/?page_id=2111"},"modified":"2025-06-09T13:40:28","modified_gmt":"2025-06-09T13:40:28","slug":"im-calinapa","status":"publish","type":"page","link":"https:\/\/satulcalinesti.md\/?page_id=2111","title":{"rendered":"\u00ceM CALINAPA"},"content":{"rendered":"\n<p><strong>Statutul \u00cenreprinderii Municipale &#8222;C\u0102LINAP\u0102&#8221;<\/strong><\/p>\n\n\n\n<div data-wp-interactive=\"core\/file\" class=\"wp-block-file\"><object data-wp-bind--hidden=\"!state.hasPdfPreview\" hidden class=\"wp-block-file__embed\" data=\"https:\/\/satulcalinesti.md\/wp-content\/uploads\/2025\/06\/Statutul-intreprinderii-municipale-Calinapa.pdf\" type=\"application\/pdf\" style=\"width:100%;height:600px\" aria-label=\"\u00cenglobare pentru Statutul \u00eentreprinderii municipale C\u0103linap\u0103.\"><\/object><a id=\"wp-block-file--media-1aa99324-d0a5-4e83-b8a7-7d61d3108930\" href=\"https:\/\/satulcalinesti.md\/wp-content\/uploads\/2025\/06\/Statutul-intreprinderii-municipale-Calinapa.pdf\">Statutul \u00eentreprinderii municipale C\u0103linap\u0103<\/a><a href=\"https:\/\/satulcalinesti.md\/wp-content\/uploads\/2025\/06\/Statutul-intreprinderii-municipale-Calinapa.pdf\" class=\"wp-block-file__button wp-element-button\" download aria-describedby=\"wp-block-file--media-1aa99324-d0a5-4e83-b8a7-7d61d3108930\">Descarc\u0103<\/a><\/div>\n\n\n\n<p><\/p>\n\n\n\n<p><strong>Regulamentul \u00centreprinderii Municipale &#8222;C\u0102LINAP\u0102&#8221;<\/strong><\/p>\n\n\n\n<div data-wp-interactive=\"core\/file\" class=\"wp-block-file\"><object data-wp-bind--hidden=\"!state.hasPdfPreview\" hidden class=\"wp-block-file__embed\" data=\"https:\/\/satulcalinesti.md\/wp-content\/uploads\/2025\/06\/Regulamente-Intreprinderea-Municipala-1.pdf\" type=\"application\/pdf\" style=\"width:100%;height:600px\" aria-label=\"\u00cenglobare pentru Regulamente \u00centreprinderea Municipal\u0103 (1).\"><\/object><a id=\"wp-block-file--media-38c23b28-cab7-4383-8913-54dd19ecdb32\" href=\"https:\/\/satulcalinesti.md\/wp-content\/uploads\/2025\/06\/Regulamente-Intreprinderea-Municipala-1.pdf\">Regulamente \u00centreprinderea Municipal\u0103 (1)<\/a><a href=\"https:\/\/satulcalinesti.md\/wp-content\/uploads\/2025\/06\/Regulamente-Intreprinderea-Municipala-1.pdf\" class=\"wp-block-file__button wp-element-button\" download aria-describedby=\"wp-block-file--media-38c23b28-cab7-4383-8913-54dd19ecdb32\">Descarc\u0103<\/a><\/div>\n\n\n\n<p><\/p>\n\n\n\n<p><strong>Calculul consumului de ap\u0103 din resursele subterane \u00een scopuri menajere \u0219i tehnice la ,,\u00ce.M C\u0102LINAP\u0102\u201d\u00a0pentru anul 2024.<\/strong><\/p>\n\n\n\n<p><\/p>\n\n\n\n<div data-wp-interactive=\"core\/file\" class=\"wp-block-file\"><object data-wp-bind--hidden=\"!state.hasPdfPreview\" hidden class=\"wp-block-file__embed\" data=\"https:\/\/satulcalinesti.md\/wp-content\/uploads\/2025\/06\/Calculul-consumului-de-apa-2024.pdf\" type=\"application\/pdf\" style=\"width:100%;height:600px\" aria-label=\"\u00cenglobare pentru Calculul consumului de ap\u0103 2024.\"><\/object><a id=\"wp-block-file--media-3c321541-73f9-4738-8ad8-cbe4d0d272d6\" href=\"https:\/\/satulcalinesti.md\/wp-content\/uploads\/2025\/06\/Calculul-consumului-de-apa-2024.pdf\">Calculul consumului de ap\u0103 2024<\/a><a href=\"https:\/\/satulcalinesti.md\/wp-content\/uploads\/2025\/06\/Calculul-consumului-de-apa-2024.pdf\" class=\"wp-block-file__button wp-element-button\" download aria-describedby=\"wp-block-file--media-3c321541-73f9-4738-8ad8-cbe4d0d272d6\">Descarc\u0103<\/a><\/div>\n","protected":false},"excerpt":{"rendered":"<p>Statutul \u00cenreprinderii Municipale &#8222;C\u0102LINAP\u0102&#8221; Regulamentul \u00centreprinderii Municipale &#8222;C\u0102LINAP\u0102&#8221; Calculul consumului de ap\u0103 din resursele subterane \u00een scopuri menajere \u0219i tehnice la ,,\u00ce.M C\u0102LINAP\u0102\u201d\u00a0pentru anul 2024.<\/p>\n","protected":false},"author":4,"featured_media":0,"parent":0,"menu_order":0,"comment_status":"closed","ping_status":"closed","template":"","meta":{"footnotes":""},"class_list":["post-2111","page","type-page","status-publish","hentry","entry"],"_links":{"self":[{"href":"https:\/\/satulcalinesti.md\/index.php?rest_route=\/wp\/v2\/pages\/2111","targetHints":{"allow":["GET"]}}],"collection":[{"href":"https:\/\/satulcalinesti.md\/index.php?rest_route=\/wp\/v2\/pages"}],"about":[{"href":"https:\/\/satulcalinesti.md\/index.php?rest_route=\/wp\/v2\/types\/page"}],"author":[{"embeddable":true,"href":"https:\/\/satulcalinesti.md\/index.php?rest_route=\/wp\/v2\/users\/4"}],"replies":[{"embeddable":true,"href":"https:\/\/satulcalinesti.md\/index.php?rest_route=%2Fwp%2Fv2%2Fcomments&post=2111"}],"version-history":[{"count":3,"href":"https:\/\/satulcalinesti.md\/index.php?rest_route=\/wp\/v2\/pages\/2111\/revisions"}],"predecessor-version":[{"id":2820,"href":"https:\/\/satulcalinesti.md\/index.php?rest_route=\/wp\/v2\/pages\/2111\/revisions\/2820"}],"wp:attachment":[{"href":"https:\/\/satulcalinesti.md\/index.php?rest_route=%2Fwp%2Fv2%2Fmedia&parent=2111"}],"curies":[{"name":"wp","href":"https:\/\/api.w.org\/{rel}","templated":true}]}}