{"id":105,"date":"2023-07-25T08:21:48","date_gmt":"2023-07-25T08:21:48","guid":{"rendered":"https:\/\/satulcalinesti.md\/?page_id=105"},"modified":"2025-07-28T05:47:55","modified_gmt":"2025-07-28T05:47:55","slug":"aparatul-primariei","status":"publish","type":"page","link":"https:\/\/satulcalinesti.md\/?page_id=105","title":{"rendered":"Angaja\u021bii prim\u0103riei"},"content":{"rendered":"\n<h2 class=\"wp-block-heading\">Aparatul Prim\u0103riei, reprezentan\u021bii institu\u021biilor subordonate \u0219i desconcentrate<\/h2>\n\n\n\n<figure class=\"wp-block-table is-style-stripes\"><table class=\"has-fixed-layout\"><thead><tr><th><strong>Numele, prenumele<\/strong><\/th><th><strong>Func\u021bia<\/strong><\/th><th><strong>Nr. de telefon<\/strong><\/th><\/tr><\/thead><tbody><tr><td> PROCOPCIUC ALA                                                                                 <\/td><td>                               PRIMAR<\/td><td>                                  025961336<\/td><\/tr><tr><td>GHEMU RAISA  <\/td><td>SECRETAR AL CONSILIULUI S\u0102TESC <\/td><td>                                  025961338<\/td><\/tr><tr><td>PANTEA  TATIANA                 <\/td><td> CONTABIL \u015eEF<\/td><td>                                  025961338<\/td><\/tr><tr><td><\/td><td><\/td><td><\/td><\/tr><tr><td>ILINI\u0162CAIA RAISA<\/td><td>  CONTABIL<\/td><td>                                   025961338<\/td><\/tr><tr><td>BOUB\u0102TR\u00ceN SVETLANA                                                      <\/td><td>  BIBLIOTECAR   PRINCIPAL<\/td><td>                                   025961210<\/td><\/tr><tr><td>BORDIAN CRISTINA<\/td><td>  DIRECTOR IET Nr.1, Nr.2                                 <\/td><td>                            025961763, 025961759<\/td><\/tr><tr><td><\/td><td><\/td><td><\/td><\/tr><tr><td>BUDAC MIHAELA<\/td><td>SPECIALIST CUPS<\/td><td><\/td><\/tr><tr><td><\/td><td><\/td><td><\/td><\/tr><tr><td>BERNEVIC ALEXANDRINA<\/td><td>PERCEPTOR FISCAL<\/td><td>025961210<\/td><\/tr><tr><td><\/td><td><\/td><td><\/td><\/tr><tr><td><\/td><td><\/td><td><\/td><\/tr><tr><td><\/td><td><\/td><td><\/td><\/tr><\/tbody><\/table><\/figure>\n","protected":false},"excerpt":{"rendered":"<p>Aparatul Prim\u0103riei, reprezentan\u021bii institu\u021biilor subordonate \u0219i desconcentrate Numele, prenumele Func\u021bia Nr. de telefon PROCOPCIUC ALA PRIMAR 025961336 GHEMU RAISA SECRETAR AL CONSILIULUI S\u0102TESC 025961338 PANTEA TATIANA CONTABIL \u015eEF 025961338 ILINI\u0162CAIA RAISA CONTABIL 025961338 BOUB\u0102TR\u00ceN SVETLANA BIBLIOTECAR PRINCIPAL 025961210 BORDIAN CRISTINA DIRECTOR IET Nr.1, Nr.2 025961763, 025961759 BUDAC MIHAELA SPECIALIST CUPS BERNEVIC ALEXANDRINA PERCEPTOR FISCAL 025961210<\/p>\n","protected":false},"author":1,"featured_media":0,"parent":98,"menu_order":2,"comment_status":"closed","ping_status":"closed","template":"","meta":{"footnotes":""},"class_list":["post-105","page","type-page","status-publish","hentry","entry"],"_links":{"self":[{"href":"https:\/\/satulcalinesti.md\/index.php?rest_route=\/wp\/v2\/pages\/105","targetHints":{"allow":["GET"]}}],"collection":[{"href":"https:\/\/satulcalinesti.md\/index.php?rest_route=\/wp\/v2\/pages"}],"about":[{"href":"https:\/\/satulcalinesti.md\/index.php?rest_route=\/wp\/v2\/types\/page"}],"author":[{"embeddable":true,"href":"https:\/\/satulcalinesti.md\/index.php?rest_route=\/wp\/v2\/users\/1"}],"replies":[{"embeddable":true,"href":"https:\/\/satulcalinesti.md\/index.php?rest_route=%2Fwp%2Fv2%2Fcomments&post=105"}],"version-history":[{"count":19,"href":"https:\/\/satulcalinesti.md\/index.php?rest_route=\/wp\/v2\/pages\/105\/revisions"}],"predecessor-version":[{"id":2845,"href":"https:\/\/satulcalinesti.md\/index.php?rest_route=\/wp\/v2\/pages\/105\/revisions\/2845"}],"up":[{"embeddable":true,"href":"https:\/\/satulcalinesti.md\/index.php?rest_route=\/wp\/v2\/pages\/98"}],"wp:attachment":[{"href":"https:\/\/satulcalinesti.md\/index.php?rest_route=%2Fwp%2Fv2%2Fmedia&parent=105"}],"curies":[{"name":"wp","href":"https:\/\/api.w.org\/{rel}","templated":true}]}}